18
Let h(i) = i**3 - 10*i**2 + 13*i - 22. Let o be h(9). Suppose 2 = k - o. What is the remainder when 61 is divided by k?
13
Let d = 2 - 0. Suppose -k + d = -4. Let b = -31 + 41. Calculate the remainder when b is divided by k.
4
Suppose -c + 0*c + 19 = 0. Let d(g) = -3*g + 38. Let j be d(9). Suppose 8*s + j = 307. Calculate the remainder when s is divided by c.
18
Let s = 87 - 61. Suppose -s*b + 8*b = -324. What is the remainder when b is divided by 3?
0
Let s = 526 + -331. What is the remainder when s is divided by 28?
27
Suppose 0 = -c - 0 - 3. Calculate the remainder when 15 is divided by 2/((7 + c)/4).
1
Let g(u) = 11*u - 13. Let b(c) = 1. Let o(x) = 3*b(x) + g(x). Calculate the remainder when 46 is divided by o(2).
10
Let b = -3 - -1. Let h = b + 9. Suppose 0 = -2*l + h*l + 10, y - 3*l = 49. What is the remainder when y is divided by 15?
13
Let n(x) = -x**2 + 2*x. Let q be 4/1 + 4/(-2). Let i be n(q). Suppose i*d = -4*d + 52. Calculate the remainder when 38 is divided by d.
12
Let m = 26 + -22. What is the remainder when -2 + 6 - (5 - 11) is divided by m?
2
Suppose l + 3 = 0, -6*y + y - 2*l = -789. What is the remainder when 60 is divided by 2/(-3)*(-5 + y/(-6))?
18
Let x be 1/(-1) - (-5 - 8). Calculate the remainder when x/(31/(-33) - (-10 + 9)) is divided by 20.
18
Let z = 141 - 82. Let k(s) = -5 - 58*s**3 + 56*s**3 - s + 5 + 2. What is the remainder when z is divided by k(-2)?
19
Let g(s) = -10*s - 357. Calculate the remainder when g(-43) is divided by 9.
1
Let i(z) = -6 + z - 2 - 4 + 6. Let t be i(9). Suppose j - 5*r = 1, -2*j - j + 39 = t*r. Calculate the remainder when j is divided by 5.
1
Let y(r) = -r**3 - 2*r**2 + r + 2. Let z be y(-1). Let k(g) = 2*g**3 - 2*g**2 - 2*g - 2. Calculate the remainder when k(3) is divided by z + (13 - 2) + -1.
8
Let k(j) = -7*j - 4. Let o be k(2). Let d = 18 + o. Suppose d = -4*y + 79 + 29. Calculate the remainder when 53 is divided by y.
26
Suppose -2*b + b + 13 = 2*n, 3*n - 52 = 5*b. Let o(k) = -k**3 + k**2 - 2*k. What is the remainder when o(-3) is divided by n?
6
Let b(a) = -a**2 - 33*a - 68. Calculate the remainder when b(-16) is divided by 69.
66
Calculate the remainder when 3954 is divided by (-3048)/(-132) + 5/(-55).
21
Let k(f) = 3*f**2 + f + 255. What is the remainder when k(0) is divided by 43?
40
Suppose 2*y - 2 = 5*l, -3*y - y + 4 = -4*l. Suppose -5*u + 119 + 6 = l. Let k = -64 - -137. Calculate the remainder when k is divided by u.
23
Suppose 4*q - 269 = -3*r, 2*r = -3*q + q + 180. Calculate the remainder when r is divided by 89.
2
Suppose 4*m - 180 = -0*m. Suppose -9*u + 6*u = -m. Calculate the remainder when 24 is divided by u.
9
Suppose 3*i = -i + 364. Let n = -83 + i. Calculate the remainder when 78 is divided by n.
6
Suppose 0 = x - 9. Let q = -1773 - -1817. Calculate the remainder when q is divided by x.
8
Let u(n) = -18*n + 311. What is the remainder when 54 is divided by u(17)?
4
Suppose 2*n - 568 = -3*n - 3*o, 4*n + 3*o - 455 = 0. What is the remainder when n is divided by 23?
21
Let j(h) = h + 21. Suppose -2*m = -5*m - 15. Calculate the remainder when 143 is divided by j(m).
15
Let b = -12 - -3. Let i = 3 - b. Calculate the remainder when 22 is divided by i.
10
Suppose v = -4*g + 108, g = -2*v + 15 + 19. What is the remainder when g is divided by 17?
9
Let d(g) = g**2 - 4*g + 12. Let v be d(6). Let r = v + -17. Calculate the remainder when 26 is divided by r.
5
Suppose -6*u - u = -238. Let g(b) = 6*b**2 + 4*b - 2. Let v be g(2). Suppose 2*k + k = 3*t - 18, -v = -2*t - 4*k. What is the remainder when u is divided by t?
7
Let w(p) = -p**3 + 11*p**2 - 10*p. Let s be w(10). Suppose -11*u + s*u + 781 = 0. Calculate the remainder when u is divided by 15.
11
Suppose -b - 365 = -6*b. Calculate the remainder when b is divided by 20.
13
Suppose -s - 59 = -6*s + q, s - 3*q = 23. Calculate the remainder when 6/21 + -15*22/(-21) is divided by s.
5
What is the remainder when 37 is divided by 39/3*(-4 - -5)?
11
Suppose 6*d = 4*d + 130. What is the remainder when 125 is divided by d?
60
Suppose 0 = 7*k - 3*k + 4. Let c be 9/(-6) - k/2. Let t(i) = -7*i**3 + 2*i**2 + 2*i + 1. Calculate the remainder when 21 is divided by t(c).
5
Suppose 5*g = -0*g + 2*i + 402, -5*g + i + 406 = 0. Suppose 3*f = -3*l + 177, 3*f - 63 = 5*l + g. What is the remainder when f is divided by 19?
17
Suppose 36 = 2*f + f. Let i = -25 - -27. Suppose d + f = i*d. What is the remainder when 58 is divided by d?
10
Let h = 4470 - 3172. Calculate the remainder when h is divided by 100.
98
Suppose -2*o + 9 = 3*f, 3*o + 3 = f + 2*o. Suppose 55 = -f*u + 148. Suppose 26 + 7 = 3*k. Calculate the remainder when u is divided by k.
9
Let p(u) = -135*u - 52. Calculate the remainder when p(-1) is divided by 3.
2
Let t(s) = -s**3 - 3*s**2 - s - 5. Let i(j) = -3*j**3 - 2*j - 1. Let m be i(-1). Suppose m*w - 82 = 2*w. What is the remainder when w is divided by t(-4)?
11
Let u = -144 + 155. Let s = -8 + 13. What is the remainder when (u - 1)/((-2)/(-1)) is divided by s?
0
Suppose 42 = 7*z - 70. Calculate the remainder when 59 is divided by z.
11
Let o(h) = -13*h - 28. Let t be o(-6). Let a = 101 - t. What is the remainder when a is divided by 6?
3
Let n(y) = -y + 20. Let m be n(11). Suppose -57 - 114 = -m*x. Calculate the remainder when 55 is divided by x.
17
Suppose 0 = 15*m - 10*m - 20. Suppose -2*f = -5*j + 71, -f = -4*j + 28 + 30. Calculate the remainder when 49 is divided by 1/((-2)/m) + j.
10
Suppose -4*b = 2*q - 194, b - 87 = -b + q. What is the remainder when 177 is divided by b?
39
Let v = -352 - -413. Calculate the remainder when v is divided by 37.
24
Let a = 4 + -8. Let k = 3 - -6. Let p = a + k. Calculate the remainder when 7 is divided by p.
2
Let q = -290 + 667. Calculate the remainder when q is divided by 5.
2
Let b(m) = 2*m**2 + 56*m + 155. Calculate the remainder when 408 is divided by b(-3).
3
Let k(s) = -s**3 - 24*s**2 - 14*s + 233. What is the remainder when 57 is divided by k(-23)?
5
Let g = -853 - -900. What is the remainder when g is divided by 15?
2
Let z be 6*(0 + -1 + 11). Suppose -6 + 51 = -9*s. What is the remainder when 44 is divided by s/(z/(-32))*6?
12
Suppose 213 = 8*o - 43. Calculate the remainder when o is divided by 14.
4
Let z(u) = 8*u + 207. What is the remainder when 60 is divided by z(-22)?
29
Let r(t) = t**2 + 15*t + 16. Let l be r(-14). Suppose 4*j - l*j + 1280 = 0. Calculate the remainder when 69 is divided by 2/9 + j/(-36).
15
Let s(d) = 6*d**2 - 2*d**3 + 3*d**3 - 2*d - 2*d**3 - 1 + 0*d**3. Calculate the remainder when 17 is divided by s(2).
6
Suppose 5*w = 2*s - 54, -5*s + w + 93 + 65 = 0. Calculate the remainder when 120 is divided by s.
24
Suppose 19*v - 103 = -27. What is the remainder when 75 is divided by v?
3
Let q(a) = 5*a + 1. Suppose 4*d - 2*y - 235 = -d, -5*d = -5*y - 250. Suppose -d = -2*k - 31. Calculate the remainder when q(k) is divided by 13.
10
Suppose 13*o + 12*o = 150. What is the remainder when 220 is divided by o?
4
Suppose 2*g - 3000 = -48*g. Calculate the remainder when 180 is divided by g.
0
Let x be 6 - 1/(-2)*0. Suppose -p + 167 = 5*j, -3*j - x*p = -p - 87. Calculate the remainder when j is divided by 12.
10
Let c(k) = -k**2 + 8*k - 4. Let b be c(6). Let a(r) = -r**2 - 6*r + 1. Calculate the remainder when 15/1 - (-16)/b is divided by a(-3).
7
Let s = -105 - -103. Calculate the remainder when (s/6)/(2/(-36)) is divided by (-2)/(-10) - 14/(-5).
0
Let i(f) = 5*f**2 + 3*f - 1. Let w = -2 - 2. Calculate the remainder when (-6)/(-1 - 2/w) is divided by i(1).
5
Suppose -4*a - 3*a + 91 = 0. Let n = 47 + -24. Calculate the remainder when n is divided by a.
10
Let x(h) = 8*h - 17. Let o(p) = -9*p + 17. Let v(r) = 2*o(r) + 3*x(r). Calculate the remainder when 77 is divided by v(5).
12
Let j = -350 + 403. Calculate the remainder when 317 is divided by j.
52
Let f(p) = -44*p**3 + p**2 - p. Let z be f(1). Let w = z - -30. Calculate the remainder when 28/7*w/(-4) is divided by 3.
2
Let r(s) = -s + 12. What is the remainder when 153 is divided by r(0)?
9
Suppose n = 2*i - 0*n - 91, -3*i = -4*n - 149. Calculate the remainder when i is divided by 23.
20
Suppose 2*y + y = -15. What is the remainder when (y/2)/(3/(-30)) is divided by 13?
12
Let q = 318 + -210. What is the remainder wh